{"id":1102,"date":"2020-08-26T17:46:49","date_gmt":"2020-08-26T23:46:49","guid":{"rendered":"http:\/\/60d8c032f03005297.temporary.link\/stage\/?page_id=1102"},"modified":"2022-11-11T09:41:57","modified_gmt":"2022-11-11T15:41:57","slug":"lecciones","status":"publish","type":"page","link":"https:\/\/edumind.com.mx\/bt-agente\/lecciones\/","title":{"rendered":"Agente de Cambio del Comportamiento (BCA) de Wellcoaches"},"content":{"rendered":"\t\t<div data-elementor-type=\"wp-page\" data-elementor-id=\"1102\" class=\"elementor elementor-1102\" data-elementor-settings=\"[]\">\n\t\t\t\t\t\t<div class=\"elementor-inner\">\n\t\t\t\t\t\t\t<div class=\"elementor-section-wrap\">\n\t\t\t\t\t\t\t<section class=\"elementor-section elementor-top-section elementor-element elementor-element-29572b5 elementor-section-boxed elementor-section-height-default elementor-section-height-default\" data-id=\"29572b5\" data-element_type=\"section\">\n\t\t\t\t\t\t<div class=\"elementor-container elementor-column-gap-default\">\n\t\t\t\t\t\t\t<div class=\"elementor-row\">\n\t\t\t\t\t<div class=\"elementor-column elementor-col-100 elementor-top-column elementor-element elementor-element-09c1932\" data-id=\"09c1932\" data-element_type=\"column\">\n\t\t\t<div class=\"elementor-column-wrap elementor-element-populated\">\n\t\t\t\t\t\t\t<div class=\"elementor-widget-wrap\">\n\t\t\t\t\t\t<div class=\"elementor-element elementor-element-4615b77 elementor-cta--skin-cover elementor-cta--valign-middle elementor-animated-content elementor-bg-transform elementor-bg-transform-zoom-in elementor-widget elementor-widget-call-to-action\" data-id=\"4615b77\" data-element_type=\"widget\" data-widget_type=\"call-to-action.default\">\n\t\t\t\t<div class=\"elementor-widget-container\">\n\t\t\t\t\t<div  class=\"elementor-cta\">\n\t\t\t\t\t<div class=\"elementor-cta__bg-wrapper\">\n\t\t\t\t<div class=\"elementor-cta__bg elementor-bg\" style=\"background-image: url(https:\/\/edumind.com.mx\/bt-agente\/wp-content\/uploads\/2022\/07\/pie-ejecutivo-zapato-vestir.jpg);\"><\/div>\n\t\t\t\t<div class=\"elementor-cta__bg-overlay\"><\/div>\n\t\t\t<\/div>\n\t\t\t\t\t\t\t<div class=\"elementor-cta__content\">\n\t\t\t\t\n\t\t\t\t\t\t\t\t\t<h1 class=\"elementor-cta__title elementor-cta__content-item elementor-content-item elementor-animated-item--grow\">\n\t\t\t\t\t\tAgente de Cambio del Comportamiento (BCA) de Wellcoaches\t\t\t\t\t<\/h1>\n\t\t\t\t\n\t\t\t\t\n\t\t\t\t\t\t\t\t\t<div class=\"elementor-cta__button-wrapper elementor-cta__content-item elementor-content-item elementor-animated-item--grow\">\n\t\t\t\t\t<a class=\"elementor-cta__button elementor-button elementor-size-xl\" href=\"https:\/\/edumind.com.mx\/bt-agente\/lessons\/leccion-1\/\">\n\t\t\t\t\t\tComenzar curso\t\t\t\t\t<\/a>\n\t\t\t\t\t<\/div>\n\t\t\t\t\t\t\t<\/div>\n\t\t\t\t\t\t<\/div>\n\t\t\t\t<\/div>\n\t\t\t\t<\/div>\n\t\t\t\t<div class=\"elementor-element elementor-element-5152c4c elementor-widget elementor-widget-spacer\" data-id=\"5152c4c\" data-element_type=\"widget\" data-widget_type=\"spacer.default\">\n\t\t\t\t<div class=\"elementor-widget-container\">\n\t\t\t\t\t<div class=\"elementor-spacer\">\n\t\t\t<div class=\"elementor-spacer-inner\"><\/div>\n\t\t<\/div>\n\t\t\t\t<\/div>\n\t\t\t\t<\/div>\n\t\t\t\t\t\t<\/div>\n\t\t\t\t\t<\/div>\n\t\t<\/div>\n\t\t\t\t\t\t\t\t<\/div>\n\t\t\t\t\t<\/div>\n\t\t<\/section>\n\t\t\t\t<section class=\"elementor-section elementor-top-section elementor-element elementor-element-7c16650 elementor-section-boxed elementor-section-height-default elementor-section-height-default\" data-id=\"7c16650\" data-element_type=\"section\">\n\t\t\t\t\t\t<div class=\"elementor-container elementor-column-gap-default\">\n\t\t\t\t\t\t\t<div class=\"elementor-row\">\n\t\t\t\t\t<div class=\"elementor-column elementor-col-100 elementor-top-column elementor-element elementor-element-1d6c927\" data-id=\"1d6c927\" data-element_type=\"column\">\n\t\t\t<div class=\"elementor-column-wrap elementor-element-populated\">\n\t\t\t\t\t\t\t<div class=\"elementor-widget-wrap\">\n\t\t\t\t\t\t<div class=\"elementor-element elementor-element-24f16e8 elementor-widget elementor-widget-heading\" data-id=\"24f16e8\" data-element_type=\"widget\" data-widget_type=\"heading.default\">\n\t\t\t\t<div class=\"elementor-widget-container\">\n\t\t\t<h2 class=\"elementor-heading-title elementor-size-default\">C\u00f3mo puedo lograr un impacto positivo aprendiendo habilidades b\u00e1sicas de Coaching e influir positivamente en los dem\u00e1s.<\/h2>\t\t<\/div>\n\t\t\t\t<\/div>\n\t\t\t\t<div class=\"elementor-element elementor-element-e42b5ee elementor-widget elementor-widget-spacer\" data-id=\"e42b5ee\" data-element_type=\"widget\" data-widget_type=\"spacer.default\">\n\t\t\t\t<div class=\"elementor-widget-container\">\n\t\t\t\t\t<div class=\"elementor-spacer\">\n\t\t\t<div class=\"elementor-spacer-inner\"><\/div>\n\t\t<\/div>\n\t\t\t\t<\/div>\n\t\t\t\t<\/div>\n\t\t\t\t\t\t<\/div>\n\t\t\t\t\t<\/div>\n\t\t<\/div>\n\t\t\t\t\t\t\t\t<\/div>\n\t\t\t\t\t<\/div>\n\t\t<\/section>\n\t\t\t\t<section class=\"elementor-section elementor-top-section elementor-element elementor-element-3f35cd6 elementor-section-boxed elementor-section-height-default elementor-section-height-default\" data-id=\"3f35cd6\" data-element_type=\"section\">\n\t\t\t\t\t\t<div class=\"elementor-container elementor-column-gap-default\">\n\t\t\t\t\t\t\t<div class=\"elementor-row\">\n\t\t\t\t\t<div class=\"elementor-column elementor-col-100 elementor-top-column elementor-element elementor-element-cea72ea\" data-id=\"cea72ea\" data-element_type=\"column\">\n\t\t\t<div class=\"elementor-column-wrap elementor-element-populated\">\n\t\t\t\t\t\t\t<div class=\"elementor-widget-wrap\">\n\t\t\t\t\t\t<div class=\"elementor-element elementor-element-eff2582 elementor-widget elementor-widget-text-editor\" data-id=\"eff2582\" data-element_type=\"widget\" data-widget_type=\"text-editor.default\">\n\t\t\t\t<div class=\"elementor-widget-container\">\n\t\t\t\t\t<div class=\"elementor-text-editor elementor-clearfix\"><p>Este curso est\u00e1 dise\u00f1ado para proporcionarte las habilidades esenciales necesarias para crear presencia y desarrollar conversaciones atractivas que generen influencia positiva y promuevan el cambio con los dem\u00e1s, en tu lugar de trabajo y entorno personal.<\/p><p>Te invitamos a tomar este curso a tu ritmo, haciendo pausas y reflexiones, para poner en pr\u00e1ctica estas habilidades y tenerlas presentes en tus conversaciones.<\/p><p>El curso se divide en seis videolecciones de una hora (aproximadamente) cada una:<\/p><p><span style=\"color: #999999;\"><strong>Lecci\u00f3n 1. Cultivar la presencia y conexi\u00f3n<\/strong><\/span><br \/><span style=\"color: #999999;\"><strong>Lecci\u00f3n 2. Cultivar la autonom\u00eda<\/strong><\/span><br \/><span style=\"color: #999999;\"><strong>Lecci\u00f3n 3. Cultivar la motivaci\u00f3n<\/strong><\/span><br \/><span style=\"color: #999999;\"><strong>Lecci\u00f3n 4. Cultivar la positividad<\/strong><\/span><br \/><span style=\"color: #999999;\"><strong>Lecci\u00f3n 5. Cultivar la autocompasi\u00f3n\u00a0\u00a0<\/strong><\/span><br \/><span style=\"color: #999999;\"><strong>Lecci\u00f3n 6. Cultivar la confianza y autoeficacia para iniciar el cambio<\/strong><\/span><\/p><p>Las videolecciones est\u00e1n avaladas por Wellcoaches School of Coaching y dirigidas por el Coach Michael Scholtz Wellcoaches. Incluyen la p\u00e1rte te\u00f3rica, demostraciones y debates para ense\u00f1ar estas habilidades.<\/p><p>El curso est\u00e1 dirigido a l\u00edderes (principalmente a l\u00edderes o profesionales de la salud y bienestar).<\/p><p><strong>El contenido de este curso est\u00e1 alineado a la prevenci\u00f3n de factores de riesgo psicosocial y a la promoci\u00f3n de entornos laborales m\u00e1s saludables, apoyando as\u00ed al cumplimiento de la NOM 035.<\/strong><\/p><\/div>\n\t\t\t\t<\/div>\n\t\t\t\t<\/div>\n\t\t\t\t\t\t<\/div>\n\t\t\t\t\t<\/div>\n\t\t<\/div>\n\t\t\t\t\t\t\t\t<\/div>\n\t\t\t\t\t<\/div>\n\t\t<\/section>\n\t\t\t\t\t\t<\/div>\n\t\t\t\t\t\t<\/div>\n\t\t\t\t\t<\/div>\n\t\t","protected":false},"excerpt":{"rendered":"<p>Agente de Cambio del Comportamiento (BCA) de Wellcoaches Comenzar curso C\u00f3mo puedo lograr un impacto positivo aprendiendo habilidades b\u00e1sicas de Coaching e influir positivamente en los dem\u00e1s. Este curso est\u00e1 dise\u00f1ado para proporcionarte las habilidades esenciales necesarias para crear presencia y desarrollar conversaciones atractivas que generen influencia positiva y promuevan el cambio con los dem\u00e1s, &hellip;<\/p>\n<p class=\"read-more\"> <a class=\"\" href=\"https:\/\/edumind.com.mx\/bt-agente\/lecciones\/\"> <span class=\"screen-reader-text\">Agente de Cambio del Comportamiento (BCA) de Wellcoaches<\/span> Leer m\u00e1s &raquo;<\/a><\/p>\n","protected":false},"author":1,"featured_media":0,"parent":0,"menu_order":0,"comment_status":"closed","ping_status":"closed","template":"","meta":[],"_links":{"self":[{"href":"https:\/\/edumind.com.mx\/bt-agente\/wp-json\/wp\/v2\/pages\/1102"}],"collection":[{"href":"https:\/\/edumind.com.mx\/bt-agente\/wp-json\/wp\/v2\/pages"}],"about":[{"href":"https:\/\/edumind.com.mx\/bt-agente\/wp-json\/wp\/v2\/types\/page"}],"author":[{"embeddable":true,"href":"https:\/\/edumind.com.mx\/bt-agente\/wp-json\/wp\/v2\/users\/1"}],"replies":[{"embeddable":true,"href":"https:\/\/edumind.com.mx\/bt-agente\/wp-json\/wp\/v2\/comments?post=1102"}],"version-history":[{"count":137,"href":"https:\/\/edumind.com.mx\/bt-agente\/wp-json\/wp\/v2\/pages\/1102\/revisions"}],"predecessor-version":[{"id":16578,"href":"https:\/\/edumind.com.mx\/bt-agente\/wp-json\/wp\/v2\/pages\/1102\/revisions\/16578"}],"wp:attachment":[{"href":"https:\/\/edumind.com.mx\/bt-agente\/wp-json\/wp\/v2\/media?parent=1102"}],"curies":[{"name":"wp","href":"https:\/\/api.w.org\/{rel}","templated":true}]}}